 6) in base 3?
102100202011
Convert -132455 (base 9) to base 5.
-10034224
-211110220202 (base 3) to base 4
-1230001022
Convert -431042414 (base 5) to base 12.
-73667b
Convert -201000011100 (base 3) to base 5.
-43432334
What is -1111100010000001 (base 2) in base 10?
-63617
-77737 (base 11) to base 2
-11011100000110011
What is -110110120101 (base 3) in base 6?
-5131531
-101010112212 (base 3) to base 11
-12690a
292b9b (base 12) to base 16
a8527
What is 12306134 (base 8) in base 13?
7444b6
54541304 (base 7) to base 4
101313023030
What is 178641 (base 11) in base 7?
2223424
What is 6a856 (base 11) in base 8?
307451
134002 (base 7) to base 15
77c4
What is -181854 (base 10) in base 6?
-3521530
6a3a5a (base 12) to base 15
23abd1
Convert 2cb10 (base 15) to base 7.
1140345
What is -1011010111101101 (base 2) in base 14?
-12d89
97ec08 (base 16) to base 4
211332300020
Convert 2b180d (base 16) to base 13.
77b637
What is 1230241 (base 6) in base 2?
10000001010010001
-2635126 (base 10) to base 4
-22003111312
Convert 106647 (base 11) to base 4.
221131112
Convert -4c14c (base 14) to base 5.
-21434411
15708162 (base 9) to base 10
7859486
-2121023220 (base 4) to base 5
-130034212
What is 5282d5 (base 14) in base 15?
3a133d
Convert 6a79c (base 16) to base 12.
190478
-11011100001000111011110 (base 2) to base 11
-40876a9
d527b (base 16) to base 14
18a271
What is 473632 (base 8) in base 11?
100531
Convert 20021211011002 (base 3) to base 13.
900572
-587982 (base 11) to base 4
-3203300033
What is -13164117 (base 9) in base 2?
-11000101101101110000000
Convert 43543 (base 11) to base 15.
13ade
Convert -121121022000 (base 3) to base 12.
-139160
45676 (base 13) to base 16
1ed84
Convert -246134 (base 11) to base 9.
-652311
Convert 31674 (base 11) to base 12.
227a5
What is -101220202020 (base 4) in base 5?
-2140404342
What is -46c56 (base 13) in base 14?
-352bb
Convert 162033656 (base 7) to base 3.
202121022110202
What is 11011122001012 (base 3) in base 6?
115303305
-13111313002 (base 4) to base 14
-381518
Convert 416226 (base 8) to base 5.
13412030
What is -1842512 (base 12) in base 9?
-10467165
Convert 48aa5 (base 11) to base 3.
10120202111
Convert 17165 (base 16) to base 5.
11011230
What is 589088 (base 12) in base 14?
291800
What is 247272 (base 9) in base 2?
100100100010101000
-35752478 (base 9) to base 2
-1000010100101010000100001
Convert 49b19 (base 13) to base 8.
411332
What is 24221543 (base 6) in base 5?
143440223
40656041 (base 7) to base 13
92492c
1221300311 (base 4) to base 7
3452663
1c4763 (base 14) to base 5
224330001
Convert 15294 (base 13) to base 4.
21301011
Convert -a7aa24 (base 12) to base 6.
-132502444
Convert -844d (base 15) to base 5.
-1343343
-11b11a (base 12) to base 3
-112200002011
Convert 2463310 (base 10) to base 7.
26636443
-200020120122112 (base 3) to base 5
-4440223234
Convert 1216788 (base 12) to base 16.
35a5d8
What is 24859 (base 11) in base 3?
1210212221
Convert 173b1db (base 14) to base 8.
53507775
What is -301001330122 (base 4) in base 2?
-110001000001111100011010
-12623f (base 16) to base 12
-4a127b
What is -2340201 (base 7) in base 9?
-500216
Convert -100110110101010001 (base 2) to base 15.
-321dc
What is -101111000 (base 4) in base 10?
-70976
What is 6140726 (base 8) in base 16?
18c1d6
-320002023 (base 4) to base 7
-1644066
-516091 (base 10) to base 13
-150ba4
What is -51a2a1 (base 12) in base 10?
-1282585
Convert -58a935 (base 11) to base 6.
-32025044
-456430 (base 7) to base 10
-81508
-3301431 (base 5) to base 11
-39496
What is 140303542 (base 7) in base 8?
42602252
Convert 1132322 (base 6) to base 4.
32113322
What is -ca25c8 (base 13) in base 9?
-8834011
Convert -8285 (base 10) to base 12.
-4965
11001131 (base 4) to base 16
505d
Convert 33a529 (base 12) to base 3.
1120000001220
202648 (base 10) to base 9
337874
172503 (base 9) to base 5
11404332
What is -520230 (base 7) in base 5?
-10321311
17216b (base 15) to base 7
12345500
What is 52436613 (base 7) in base 8?
20713756
8404a8 (base 11) to base 4
11020333312
1000100011011011101 (base 2) to base 5
32432120
What is 30501412 (base 7) in base 10?
2555212
Convert 55593 (base 11) to base 2.
10011101010110111
334575 (base 9) to base 4
300320123
Convert 68711b (base 12) to base 16.
197fe7
What is 1269479 (base 13) in base 11?
3285615
Convert 21010302 (base 5) to base 10.
172577
24942 (base 12) to base 13
19835
54d66 (base 15) to base 6
5440210
What is -2277264 (base 8) in base 3?
-1011121120200
Convert -176760 (base 9) to base 12.
-53783
24554256 (base 8) to base 13
118139b
Convert -1021423112 (base 5) to base 7.
-24116416
What is 114130 (base 9) in base 3?
10111011000
-12382b (base 12) to base 8
-1103343
Convert -110002021 (base 4) to base 11.
-56718
Convert -aedeaa (base 16) to base 3.
-210120020112022
-10201121 (base 3) to base 13
-130c
What is -262777 (base 8) in base 10?
-91647
Convert 245442 (base 8) to base 16.
14b22
Convert -1bc267 (base 13) to base 2.
-10101101111000111011
Convert 916273 (base 10) to base 15.
13174d
Convert -322be (base 15) to base 3.
-22002110022
What is 11222323030 (base 4) in base 11?
925950
What is 12312101100 (base 4) in base 9?
3335433
23749d (base 14) to base 12
4a49ab
2512001 (base 6) to base 14
36b3b
Convert 118524 (base 10) to base 4.
130323330
What is 80706 (base 15) in base 10?
406581
314327 (base 11) to base 13
148247
What is -240352301 (base 7) in base 3?
-1001000100011122
Convert -14875 (base 15) to base 14.
-1a0cb
-3014360 (base 7) to base 16
-5722d
Convert -560774 (base 11) to base 14.
-193b53
11314430211 (base 5) to base 7
215613025
What is 3020513 (base 7) in base 9?
605072
Convert -11202101112102 (base 3) to base 8.
-11507577
Convert 2501014 (base 7) to base 8.
1160307
What is -2570575 (base 8) in base 15?
-e2771
1111000000111100 (base 2) to base 14
185ac
-35b813 (base 12) to base 9
-1565806
Convert 13311313223 (base 4) to base 3.
10212102211112
What is 4422200114 (base 5) in base 9?
20003812
-2d7626 (base 14) to base 16
-185852
What is -121002102102 (base 3) in base 11?
-1a6a34
-635524 (base 7) to base 4
-122313013
What is 100002233 (base 4) in base 10?
65711
What is -11110110100110000 (base 2) in base 8?
-366460
-201203000 (base 5) to base 10
-803500
-162763 (base 9) to base 12
-4a1a9
What is -33553 (base 8) in base 9?
-21413
Convert -120212201201 (base 3) to base 9.
-525651
211312324 (base 6) to base 10
3711004
Convert -25728 (base 15) to base 11.
-81a63
Convert -404634 (base 13) to base 15.
-1e7e7c
What is -2143847 (base 9) in base 3?
-2011110221121
201221211021222 (base 3) to base 15
de7672
What is a235 (base 14) in base 16?
6ce7
What is ab2cd (base 16) in base 15?
dcb23
What is -558088 (base 14) in base 6?
-142121024
Convert -1211581 (base 9) to base 14.
-131787
What is -aa841 (base 12) in base 5?
-24211331
What is -80255 (base 15) in base 3?
-202121021122
Convert 101002002011111 (base 3) to base 16.
51b75b
-2c4aa (base 16) to base 9
-305765
380761 (base 12) to base 16
df039
8075733 (base 9) to base 4
100122032001
What is 212002211000102 (base 3) in base 11?
6a27076
Convert -207782 (base 14) to base 13.
-2c5030
-1401412 (base 6) to base 7
-443531
What is -134204 (base 7) in base 4?
-12032030
Convert -102002110 (base 3) to base 7.
-32400
What is 232023120 (base 6) in base 15?
59cbb0
What is -b3e7d2 (base 15) in base 14?
-11c94d8
What is 5a24a1 (base 11) in base 3?
1210111220111
49887 (base 12) to base 11
68a43
-20033767 (base 9) to base 7
-144333424
Convert -100000010101001110000100 (base 2) to base 9.
-16847208
Convert -11013141 (base 5) to base 13.
-341c0
What is -5536612 (base 7) in base 12?
-28a704
Convert 33112201 (base 5) to base 8.
1055165
Convert -6000b (base 12) to base 4.
-132120023
What is -243b1 (base 16) in base 8?
-441661
What is 2032220432 (base 5) in base 9?
7770160
Convert 1251210135 (base 6) to base 3.
1001001000012012
Convert 2214163 (base 10) to base 4.
20130210103
3661126 (base 7) to base 11
2a0087
-3012313 (base 6) to base 16
-229f5
What is -30014 (base 14) in base 7?
-660024
-23314404 (base 6) to base 8
-2610744
What is -1359a1 (base 12) in base 13?
-b31ca
Convert -a7886 (base 11) to base 16.
-26475
What is 275016 (base 8) in base 6?
2024022
What is -8154481 (base 9) in base 3?
-22011211112201
What is 35 (base 8